5, what is 6 + -c6?
-c0
In base 8, what is -552 + 5?
-545
In base 4, what is 233102 + -11?
233031
In base 16, what is -5 + -571?
-576
In base 14, what is 0 - -7d?
7d
In base 16, what is -42 - -1?
-41
In base 15, what is 2e - 0?
2e
In base 3, what is 1001 - 121011?
-120010
In base 16, what is 5 + d2?
d7
In base 16, what is 1 - -7a?
7b
In base 5, what is 2 - -11104?
11111
In base 16, what is -36 - -a?
-2c
In base 8, what is 121 + 0?
121
In base 14, what is 66 + -3?
63
In base 6, what is 2 - -3342?
3344
In base 10, what is 5 + -9?
-4
In base 6, what is 5 + -345?
-340
In base 5, what is -41 - 24?
-120
In base 14, what is 219 - 1?
218
In base 9, what is 71 + -72?
-1
In base 10, what is 310 - 0?
310
In base 7, what is 3 - 13?
-10
In base 16, what is -3 + 1430?
142d
In base 14, what is dd - -a?
109
In base 9, what is 16 - -1013?
1030
In base 6, what is 15325 + 5?
15334
In base 7, what is 21 - 3?
15
In base 2, what is 1111110101110010 + 1?
1111110101110011
In base 16, what is -3 + b0e?
b0b
In base 9, what is 25 - -361?
386
In base 10, what is 5 - 39?
-34
In base 11, what is -163 + 4?
-15a
In base 15, what is -2 - -39?
37
In base 5, what is -12200 - 3?
-12203
In base 6, what is -2 + 145?
143
In base 3, what is -2 - -22000?
21221
In base 6, what is 5 + -213?
-204
In base 14, what is -1 + 120?
11d
In base 12, what is 87 - 0?
87
In base 13, what is 10c - -5?
114
In base 7, what is -6 - 455?
-464
In base 12, what is 125a0 + -5?
12597
In base 13, what is -3 + 165?
162
In base 9, what is -3 - 60?
-63
In base 15, what is -d + -a2?
-b0
In base 5, what is 14 + -322?
-303
In base 14, what is -3 - -365?
362
In base 16, what is 3 - c?
-9
In base 9, what is 0 + -166?
-166
In base 6, what is 145 + -1?
144
In base 2, what is 10001110 + 100100?
10110010
In base 8, what is -1516 + -3?
-1521
In base 12, what is 1a5 + -3?
1a2
In base 12, what is 2 + -11?
-b
In base 12, what is 95 + -b3?
-1a
In base 11, what is -1a9 + 12?
-197
In base 13, what is -b9 - 3?
-bc
In base 2, what is -1100 + 1101?
1
In base 14, what is 9c9 + -11?
9b8
In base 9, what is 2 + 2410?
2412
In base 9, what is -34345 - 1?
-34346
In base 5, what is 32 + -4?
23
In base 12, what is 6 + 65?
6b
In base 13, what is 0 + 319?
319
In base 5, what is 21 - -4?
30
In base 14, what is 4 + 124?
128
In base 12, what is -45b7 - -4?
-45b3
In base 9, what is -2854 + 1?
-2853
In base 12, what is 6 - 46b?
-465
In base 9, what is 11180 - 1?
11178
In base 15, what is 2 + 245?
247
In base 9, what is 4 - -1510?
1514
In base 3, what is -20 - 102201?
-102221
In base 15, what is -2 - -3d?
3b
In base 5, what is -10 - 13402?
-13412
In base 4, what is 3 - -130320?
130323
In base 9, what is 15 - 208?
-183
In base 8, what is 221 - -2?
223
In base 7, what is 6 + 244?
253
In base 16, what is 1 + -70c?
-70b
In base 6, what is 2333 + -4?
2325
In base 15, what is 9 + 273?
27c
In base 6, what is 11 - 1515?
-1504
In base 4, what is 2 + -31310?
-31302
In base 6, what is 3 + -101?
-54
In base 7, what is -1 - -116?
115
In base 8, what is -5 + -352?
-357
In base 9, what is 3 - -86?
100
In base 9, what is -6443 + 1?
-6442
In base 12, what is -4 - -7a1?
799
In base 2, what is 100 + 10000001?
10000101
In base 8, what is -44 + 2?
-42
In base 11, what is 0 - 282?
-282
In base 5, what is -20 + 1140?
1120
In base 3, what is 12 + 100000?
100012
In base 4, what is -3 - -3121?
3112
In base 7, what is 5 - -51?
56
In base 10, what is -81 - -60?
-21
In base 16, what is ab3 - 4?
aaf
In base 13, what is 5 - 42b?
-426
In base 14, what is 1 + -5c?
-5b
In base 16, what is -5 + 1b?
16
In base 4, what is 113 + 110?
223
In base 15, what is 4 - -dd?
e2
In base 9, what is 42 - 56?
-14
In base 5, what is -33222 - -1?
-33221
In base 7, what is 0 + -154?
-154
In base 16, what is -2344 + -4?
-2348
In base 4, what is 33002 - 10?
32332
In base 5, what is 1 - 11314?
-11313
In base 8, what is 2 + 412?
414
In base 6, what is 3354 + -12?
3342
In base 9, what is 0 - 741?
-741
In base 9, what is -4048 + 11?
-4037
In base 7, what is 2224 + -1?
2223
In base 4, what is 3 + -332?
-323
In base 16, what is -fa - f?
-109
In base 15, what is 2 - -61?
63
In base 14, what is -217d - -5?
-2178
In base 15, what is -19 + 0?
-19
In base 13, what is -12 + 698?
686
In base 15, what is 1 - -53?
54
In base 10, what is 125 + 24?
149
In base 11, what is 2a - -57?
86
In base 15, what is -d + 5?
-8
In base 16, what is c3b - -4?
c3f
In base 16, what is 3 - 6?
-3
In base 11, what is 85 - 19?
67
In base 9, what is 33 - -57?
101
In base 4, what is 11020120 + -11?
11020103
In base 2, what is 101 - -1111000?
1111101
In base 14, what is -10dd - -1?
-10dc
In base 11, what is -5 + 2180?
2176
In base 6, what is 220 + 4?
224
In base 14, what is -c5 - 6?
-cb
In base 7, what is -2221 + 0?
-2221
In base 6, what is -1 - 233?
-234
In base 8, what is 125 + 10?
135
In base 16, what is 6 - -144?
14a
In base 13, what is -75a - -4?
-756
In base 12, what is -5 - 62?
-67
In base 12, what is 2 + -971?
-96b
In base 15, what is -25a + 2?
-258
In base 6, what is 5 - 114?
-105
In base 9, what is 3 - 412?
-408
In base 6, what is 114555 + -4?
114551
In base 13, what is 160 + -1?
15c
In base 13, what is 93a + 3?
940
In base 16, what is 1 + -278?
-277
In base 7, what is -5 + -464?
-502
In base 14, what is -73 - -2d?
-44
In base 4, what is -31213 - -3?
-31210
In base 2, what is 1100100010111 + -101?
1100100010010
In base 16, what is -5 + 58?
53
In base 11, what is 13379 - 0?
13379
In base 7, what is -54 - -36?
-15
In base 15, what is 3bb + 6?
3c2
In base 11, what is -16a - 5?
-174
In base 6, what is 10 + -3153?
-3143
In base 16, what is -b - 13c?
-147
In base 13, what is 5b + 0?
5b
In base 10, what is 15 + -214?
-199
In base 12, what is 17 - 14?
3
In base 11, what is -13a1 - -4?
-1398
In base 4, what is 2302 - -3?
2311
In base 7, what is 3 + 230?
233
In base 4, what is 31101 - 3?
31032
In base 4, what is -3 + -1000?
-1003
In base 11, what is 1 + 67?
68
In base 9, what is -21 + 1?
-20
In base 16, what is 1a - 4?
16
In base 14, what is 4840 + -4?
483a
In base 13, what is -3 + -841?
-844
In base 2, what is -101 + 1011010010?
1011001101
In base 5, what is -121 - -101?
-20
In base 5, what is -2 + 13123?
13121
In base 15, what is 2 + -34?
-32
In base 3, what is -210 - -122?
-11
In base 8, what is -7106 + 2?
-7104
In base 6, what is 5 + 2345?
2354
In base 11, what is a0 + 2?
a2
In base 5, what is 3 - 21142?
-21134
In base 16, what is -7 - e?
-15
In base 13, what is -75 - 18?
-90
In base 14, what is 8 + 2a?
34
In base 2, what is -10101110 + -1?
-10101111
In base 8, what is 0 + 666?
666
In base 6, what is -2313 + 2?
-2311
In base 13, what is 5549 - 0?
5549
In base 2, what is -111 + -110011010?
-110100001
In base 8, what is 2 + -4744?
-4742
In base 3, what is -122202 + -10?
-122212
In base 16, what is 5 - 55?
-50
In base 8, what is 10 - 4065?
-4055
In base 4, what is 11 + -2131?
-2120
In base 5, what is -1102 - -220?
-332
In base 12, what is -2 - -3429?
3427
In base 15, what is 2 - 9d?
-9b
In base 13, what is 17b + 7?
185
In base 10, what is 50 - -46?
96
In base 3, what is -11020012 + -1?
-11020020
In base 4, what is 10 + -211231?
-211221
In base 2, what is -110111111010101 + 0?
-110111111010101
In base 14, what is d + 4?
13
In base 15, what is -11 - 34?
-45
In base 6, what is 32 - -430?
502
In base 7, what is 506 - 3?
503
In base 5, what is 4 + -313?
-304
In base 15, what is 2dc + -1?
2db
In base 10, what is -21 + -1164?
-1185
In base 8, what is 6 + -156?
-150
In base 13, what is c - -80?
8c
In base 10, what is 8 - 325?
-317
In base 12, what is -36 + -5?
-3b
In base 5, what is 12 + 233?
300
In base 3, what is 1010 - -1?
1011
In base 4, what is 0 - -111111?
111111
In base 10, what is 1124 + -1?
1123
In base 3, what is -11 + 1220?
1202
In base 8, what is -46 + -3?
-51
In base 12, what is -34 + 4?
-30
In base 13, what is 2389 - 3?
2386
In base 6, what is -22102 - 4?
-22110
In base 10, what is -49 + 2?
-47
In base 5, what is 3222 + 10?
3232
In base 4, what is -13300 - -2?
-13232
In base 8, what is 3 + 2405?
2410
In base 8, what is 16 + -721?
-703
In base 12, what is 20 - -18?
38
In base 15, what is -4 - -18?
14
In base 11, what is -a4 - 75?
-169
In base 2, what is 1 + 11000?
11001
In base 5, what is -301 + 22?
-224
In base 11, what is -1a4 